x + 6 - 4. What is the remainder when 41 is divided by -7*9/3*x?
20
Let j(b) = 10*b**2 + 11*b + 19. What is the remainder when 169 is divided by j(-3)?
17
Suppose -2*j = 3*j + 310. Let y = j - -108. Let t = -30 + y. Calculate the remainder when 30 is divided by t.
14
Let z be -11 - -18 - (3 - 0). Calculate the remainder when (-5)/(-1*z/16) is divided by 12.
8
Let y(z) = -z + 7. Let k be 1/2 - (-65)/26. Calculate the remainder when y(k) is divided by 2.
0
Let g = -11 + 37. Suppose g = m - 1. Let i = -9 + 19. What is the remainder when m is divided by i?
7
Let q(y) = 37 + 5*y - 3*y + 0*y + 18. Suppose 0 = -2*a - 2*a + 20, -b + 9 = a. What is the remainder when q(-23) is divided by b?
1
Suppose -a + 3*a = 4. Suppose 0*g = a*g - 4. Suppose 2*k - 3*u = 127, -307 = -5*k + g*u + 2*u. What is the remainder when k is divided by 12?
11
Let n be (-40)/((-8 + 6)/(8/2)). Let i = 17 + 37. Let m = n - i. Calculate the remainder when m is divided by 7.
5
What is the remainder when ((-48)/(-40))/((-9)/(-795) + 0) is divided by 54?
52
Suppose -3*x + r = -1297, -6*x + 5*r + 1711 = -2*x. Calculate the remainder when x is divided by 73.
69
Let d(o) = -2*o. Let h(b) = 4*b**2 + 105*b + 59. Calculate the remainder when h(-26) is divided by d(-10).
13
Let b = -172 - -115. Suppose -o + 488 = -5*o. Let m = b - o. Calculate the remainder when m is divided by 22.
21
Let a(m) = 193*m**3 - 4*m**2 + 10*m - 11. What is the remainder when a(2) is divided by 171?
169
Let h(a) = -a**2 - 8*a + 10. Let s be h(-7). Let q = -14 + s. Suppose 0 = -q*v + 13 + 38. What is the remainder when 33 is divided by v?
16
Let d = 21 - 50. Let m = -6 - d. What is the remainder when m is divided by 5?
3
Suppose 333 = 10*c - 237. Let k = -16 - -46. What is the remainder when c is divided by k?
27
Let t(m) = m - 7. Let y be t(10). Suppose -v + 0*j + 18 = 5*j, y*j = 3*v + 18. Calculate the remainder when 6 is divided by (-5)/v - 2/4.
0
Let k = -587 + 638. Calculate the remainder when k is divided by 8.
3
Let g(b) = b**3 - 4*b**2 - 2*b - 7. Let v be (90/36)/((-1)/(-2)). Calculate the remainder when 23 is divided by g(v).
7
Calculate the remainder when 438 is divided by (-1 - -5)/((-400)/68 - -6).
30
Let v(c) = c**2 + 5*c - 55. What is the remainder when v(-15) is divided by 10?
5
Let r(u) = 19*u + 47. What is the remainder when 185 is divided by r(1)?
53
Let y be 2 + 1 + 0/4. Suppose -101 - 5 = -y*a - 2*x, 5*a = 3*x + 164. Calculate the remainder when 135 is divided by a.
33
Suppose 2*i - 5*l - 41 = -6, -102 = -5*i - 2*l. What is the remainder when 33 is divided by i?
13
Suppose -54 = 13*b - 11*b. Let p = 5 - b. Suppose r - p - 28 = 0. What is the remainder when r is divided by 21?
18
Let f(r) = 25*r - 218. Calculate the remainder when 138 is divided by f(10).
10
Let t(n) = 4*n**3 - 2*n**2 - n - 2. Let v be t(3). Let b = -45 + v. Let d = b + -28. Calculate the remainder when 46 is divided by d.
10
Let w(u) = -3*u - 28. Calculate the remainder when 35 is divided by w(-17).
12
Let o(s) = 13*s + 4. Let k be o(-4). What is the remainder when 3 + (-10 - -3) - k is divided by 5?
4
Suppose 3*w - 2*f = 128, 0 = -3*w + f + 193 - 66. Let i(u) = -961*u - 5600. What is the remainder when i(-6) is divided by w?
40
Let p = 418 + -354. What is the remainder when p is divided by 17?
13
Let g(a) = 7*a + 160. Suppose -4*l = -0*l - 92. Calculate the remainder when l is divided by g(-21).
10
Suppose -4*z + 668 - 136 = 0. Suppose 0 = 2*u - 3*m + 43, 0 = -0*u + 5*u + m + z. Let p = -17 - u. What is the remainder when 44 is divided by p?
8
Let y = 190 + -157. Suppose -29 = -6*i + 43. What is the remainder when y is divided by i?
9
Let g(h) = -29*h + 3. Let n(k) = -k**3 - 4*k**2 - k - 6. Let i be n(-4). Calculate the remainder when g(i) is divided by 16.
13
Calculate the remainder when 4 - (-1)/((-4)/(-212)) is divided by 20.
17
Suppose 0 = 6*k - 2*k. Suppose k = v + 4, -5*u + 2*u + 86 = 4*v. Let w = u - 11. What is the remainder when w is divided by 8?
7
Suppose 0 = -5*i + c + 53, -c + 4 = 2. What is the remainder when 108 is divided by i?
9
Let q = -678 + 1026. Calculate the remainder when q is divided by 27.
24
Suppose 5*w = 5*k + 15, 5*k = 3*w - 0*k + 1. Suppose -4*m + w*m = 8. Suppose -4 = q - 2*j, -m*q + 8 + 8 = 2*j. Calculate the remainder when 15 is divided by q.
3
Let a = -653 + 690. Calculate the remainder when a is divided by 20.
17
Suppose 2*g - 204 = 132. Suppose -4*k - 5*r + 139 + 13 = 0, 4*k + r - g = 0. Calculate the remainder when k is divided by 12.
7
Suppose 69 = 4*f - 7. Let t(q) be the third derivative of -31*q**4/12 + 11*q**3/6 - 8*q**2 - 2. Calculate the remainder when t(-1) is divided by f.
16
Suppose 5*o - 112 = 3*o. What is the remainder when 390 is divided by o?
54
Calculate the remainder when 4 + (-8768)/(-28) + (-5)/35 is divided by 53.
52
Let x = 26 - 16. Let u be 4/10 + (-4)/x. Suppose u = -v - v + 20. What is the remainder when 29 is divided by v?
9
Let u = 9662 + -6881. What is the remainder when (2/(-1) + 1)/((-27)/u) is divided by 26?
25
Suppose 2*q - 4 + 0 = -s, -3*q - 4 = 4*s. Let o(k) = -k**3 + 5*k**2 - 4*k + 1. Let f be o(q). Calculate the remainder when -5*((-27)/15)/f is divided by 4.
1
Let d = -166 - -250. What is the remainder when d is divided by 15?
9
Let g = -121 - -171. Calculate the remainder when g is divided by 14.
8
Let h = 19 - 10. Suppose 0 = -5*i + 59 - h. What is the remainder when (-1 - -7)/(10/45) is divided by i?
7
Let o = 10 - -4. Let d = 15 - o. Calculate the remainder when 1 is divided by -5 + 3 + 3/d.
0
Let o be (-6)/9*(-8 - 1). Let y be ((-224)/5)/((-6)/(-30)). Calculate the remainder when (-4)/o + y/(-12) is divided by 7.
4
Let v = 19 - 14. Suppose 0 = 4*k - 6*c + c - 8, v*k - c - 10 = 0. Calculate the remainder when 6 is divided by k.
0
Let c(j) = j**2 - 37*j - 86. What is the remainder when c(40) is divided by 6?
4
Let c(p) = 7*p - 10. Let d be c(2). Suppose -d*w + 52 = -36. Let k(m) = -m**3 - 5*m**2 - 2*m - 2. Calculate the remainder when w is divided by k(-5).
6
Suppose -26*r + 1248 = -13*r. What is the remainder when r is divided by 7?
5
Suppose 0 = -5*n - s + 1779, -1152 - 275 = -4*n + 3*s. Calculate the remainder when n is divided by 12.
8
Let l = -164 - -251. Suppose -5*r + 633 = -l. Let x = 233 - r. Calculate the remainder when x is divided by 23.
20
Suppose 4*x + 5430 = 5530. Suppose 4*p - 21 = -t - 7, -2*p - 26 = -5*t. Calculate the remainder when x is divided by (t/(-1))/2*-3.
7
Let z(u) = -56*u + 6. Calculate the remainder when z(-1) is divided by 8.
6
Suppose -5*o - 3 = 22, -4*o = 3*g - 73. Let s be ((-10)/(-6) + -3)*-3. Let n = 4 + s. What is the remainder when g is divided by n?
7
Let g = 356 + -137. What is the remainder when g is divided by 10?
9
Suppose -7 = -2*g + 2*w + 5, 24 = 4*g - 3*w. Let p = g + 6. Calculate the remainder when ((-12)/18)/((-1)/69) is divided by p.
10
Let o = 23 - 17. Suppose -140 = o*q - 10*q. Calculate the remainder when (-2849)/(-28) - (-1)/4 is divided by q.
32
Suppose -4*f + 4*h + 0*h - 12 = 0, -15 = -3*h. Suppose f*s - 254 = -48. What is the remainder when s is divided by 18?
13
Suppose 0 = -0*d - d + 3. Let f be 1/((-15)/(-10) - 1). Suppose -k - 2*o = -8, -k = -f*o + 2 + 2. What is the remainder when d is divided by k?
1
Let b = 2707 + -2566. Let f = -51 + 99. What is the remainder when b is divided by f?
45
Suppose 1 - 13 = -4*c. Suppose -3*y - 3*z = -0*z - 72, c*z - 44 = -2*y. Let r = -18 + y. What is the remainder when r is divided by 3?
1
Let w = -2350 - -4746. What is the remainder when w is divided by 22?
20
Suppose -24 = -7*f - 3. Suppose -5*n - 56 = -4*g - 3*n, -f*g + 4*n = -52. Calculate the remainder when 35 is divided by g.
11
Suppose 0*g + 4*g = 316. Suppose 5*y - 1 = -5*a + 4*a, a - 13 = -y. Calculate the remainder when g is divided by a.
15
Let t = 98 + -90. Suppose -4*x + 208 = -r, t*r - 4*r + 118 = 2*x. What is the remainder when x is divided by 26?
25
Calculate the remainder when 47 is divided by -2 - (-26)/(((-64)/(-12))/8).
10
Let o be 76/12 + 2/(-6). Suppose -28 = -2*i - 2*u, -105 = -5*i + o*u - 4*u. Calculate the remainder when 34 is divided by i.
15
Suppose 1197 = 4*l - r, 0 = 6*r - 4*r + 2. Suppose z - 47 = k, -6*z - 3*k = -2*z - 160. Calculate the remainder when l is divided by z.
41
Le